24411 (base 5) to base 16
-740
Convert -4643 (base 7) to base 4.
-122201
Convert -2001011010 (base 3) to base 7.
-225135
111000010 (base 2) to base 16
1c2
What is 39536 (base 10) in base 12?
1aa68
-17234 (base 9) to base 5
-334412
Convert 305 (base 13) to base 11.
426
-11138 (base 9) to base 6
-54142
-c95c (base 15) to base 12
-207b0
What is 264 (base 16) in base 5?
4422
Convert 7572 (base 8) to base 15.
1292
Convert 2a5 (base 11) to base 9.
436
Convert 17659 (base 10) to base 7.
102325
Convert 72 (base 8) to base 3.
2011
Convert 113337 (base 8) to base 15.
b69d
Convert -302 (base 10) to base 12.
-212
What is -1010201 (base 3) in base 13?
-4ba
What is 17116 (base 10) in base 13?
7a38
221120 (base 3) to base 5
10230
-d16 (base 14) to base 13
-1227
-385 (base 11) to base 2
-111001000
Convert 3035 (base 10) to base 2.
101111011011
Convert -d75 (base 14) to base 7.
-10505
What is 1666 (base 7) in base 16?
2ad
What is b59 (base 16) in base 8?
5531
-2571 (base 12) to base 10
-4261
Convert 101221 (base 4) to base 3.
1112211
What is -1312 (base 6) in base 4?
-11030
What is dd5 (base 15) in base 5?
100000
-20298 (base 11) to base 3
-1111122110
Convert -a6d (base 14) to base 10.
-2057
-401451 (base 6) to base 15
-94ea
Convert -3248 (base 9) to base 11.
-1886
-11516 (base 10) to base 5
-332031
Convert 16920 (base 12) to base 3.
1122110220
Convert -12aa (base 12) to base 10.
-2146
Convert 55646 (base 8) to base 14.
879c
11001010100100 (base 2) to base 12
7604
Convert -4224 (base 5) to base 7.
-1434
11643 (base 9) to base 15
24b0
What is 2020 (base 8) in base 5?
13130
What is -904e (base 15) in base 14?
-b14d
What is -5239 (base 16) in base 14?
-7957
Convert -4b (base 15) to base 8.
-107
-f79 (base 16) to base 10
-3961
Convert 4264 (base 8) to base 12.
1358
Convert 10010011110101 (base 2) to base 16.
24f5
What is e0c (base 15) in base 6?
22350
Convert 32a3a (base 11) to base 16.
bade
What is -121212 (base 3) in base 4?
-13013
Convert -14661 (base 8) to base 11.
-4a3a
What is 275 (base 12) in base 11?
313
What is -351 (base 11) in base 4?
-12203
543 (base 12) to base 10
771
What is 1101111010000011 (base 2) in base 3?
2220010202
What is 1084 (base 9) in base 5?
11210
122501 (base 6) to base 5
322411
What is -4eff (base 16) in base 11?
-14215
Convert 100333 (base 4) to base 9.
1437
Convert 17d (base 14) to base 8.
463
1134444 (base 5) to base 9
32130
What is 38c (base 15) in base 6?
3423
What is 3223002 (base 4) in base 11?
10335
-121010 (base 5) to base 9
-6155
What is 13665 (base 9) in base 7?
36044
-4b85 (base 13) to base 9
-15671
-153 (base 14) to base 10
-269
What is -2ac (base 16) in base 7?
-1665
Convert -615 (base 7) to base 15.
-156
Convert 17245 (base 8) to base 10.
7845
What is -8622 (base 14) in base 8?
-55166
Convert -4023 (base 7) to base 4.
-111231
What is 101110100111010 (base 2) in base 14?
89aa
-1120220001 (base 3) to base 10
-31267
-24a3 (base 12) to base 5
-113110
What is 24af (base 16) in base 12?
5527
Convert 1672 (base 9) to base 7.
3506
1695 (base 14) to base 11
3053
Convert -111010110 (base 2) to base 6.
-2102
-1368 (base 9) to base 15
-48e
Convert 7326 (base 12) to base 8.
30416
What is 47 (base 16) in base 7?
131
What is -11100212 (base 3) in base 8?
-6156
What is 1111111111 (base 2) in base 13?
609
What is -212021 (base 3) in base 15?
-2bd
Convert -438 (base 12) to base 11.
-514
What is 149 (base 12) in base 8?
311
220 (base 3) to base 2
11000
Convert -110 (base 7) to base 16.
-38
-11011010101 (base 2) to base 3
-2101210
Convert -31241 (base 5) to base 14.
-a7d
-708 (base 11) to base 13
-50a
Convert -4ba (base 12) to base 11.
-5a3
21a (base 11) to base 4
10013
11010111 (base 2) to base 3
21222
Convert -233102 (base 6) to base 8.
-47236
What is 20100122 (base 3) in base 7?
16340
200 (base 7) to base 14
70
What is -3a31 (base 12) in base 9?
-10121
Convert -2645 (base 11) to base 6.
-23525
-4168 (base 15) to base 12
-7bbb
-18673 (base 10) to base 15
-57ed
Convert -1656 (base 9) to base 14.
-666
-64 (base 16) to base 9
-121
What is 100254 (base 6) in base 2?
1111011001010
What is -2313311 (base 4) in base 10?
-11765
What is 110134 (base 6) in base 16?
23aa
What is 332005 (base 6) in base 14?
a113
342 (base 14) to base 12
45a
What is -1744 (base 9) in base 6?
-10104
Convert -6090 (base 12) to base 6.
-120300
What is -1010220211 (base 3) in base 6?
-252204
Convert 192c (base 14) to base 13.
20bb
What is 100012 (base 5) in base 16?
c3c
-38018 (base 9) to base 6
-314112
Convert 313 (base 14) to base 8.
1135
Convert 103332322 (base 4) to base 7.
460426
What is 53 (base 10) in base 3?
1222
What is -1114333 (base 5) in base 11?
-14003
What is -866 (base 12) in base 5?
-14410
What is 212001 (base 3) in base 10?
622
What is -dbe (base 15) in base 8?
-6040
What is -246 (base 12) in base 14?
-1a6
Convert 203 (base 6) to base 8.
113
Convert 160 (base 8) to base 15.
77
Convert -1419 (base 15) to base 16.
-10cb
-1210 (base 7) to base 9
-547
-209 (base 10) to base 16
-d1
What is 10313 (base 5) in base 16?
2c4
What is -2321 (base 5) in base 11?
-286
7c (base 15) to base 2
1110101
Convert -1252 (base 6) to base 11.
-271
-17334 (base 8) to base 7
-32014
Convert 520d (base 16) to base 8.
51015
-2203 (base 5) to base 4
-10233
Convert 71602 (base 8) to base 6.
344522
-151451 (base 8) to base 9
-82133
What is 5416 (base 16) in base 14?
7bb8
-1000001001 (base 2) to base 9
-638
-1000110011001100 (base 2) to base 16
-8ccc
What is 644 (base 10) in base 6?
2552
Convert -da9 (base 14) to base 10.
-2697
What is -20330233 (base 4) in base 3?
-1212021121
Convert -535 (base 12) to base 7.
-2135
Convert 128f (base 16) to base 9.
6458
-4814 (base 12) to base 6
-101224
-143013 (base 5) to base 11
-4572
1a10 (base 16) to base 3
100011010
What is 44241 (base 5) in base 16?
bff
-4216 (base 8) to base 14
-b26
Convert 263b (base 12) to base 10.
4367
Convert -10210212 (base 3) to base 4.
-223121
222 (base 13) to base 6
1410
33 (base 7) to base 4
120
Convert 680 (base 13) to base 4.
101132
What is 541 (base 12) in base 7?
2146
Convert -10416 (base 9) to base 15.
-20a0
3a0 (base 11) to base 9
575
-1316 (base 8) to base 12
-4ba
23201 (base 10) to base 4
11222201
1111000110001 (base 2) to base 14
2b61
Convert 1102011 (base 3) to base 15.
48a
What is 24615 (base 8) in base 2?
10100110001101
3101313 (base 4) to base 2
11010001110111
What is 1101101110 (base 3) in base 10?
27255
-4148 (base 11) to base 15
-1967
34652 (base 9) to base 10
23132
-1000001001 (base 2) to base 3
-201022
What is -232e (base 16) in base 14?
-33d4
Convert -560 (base 11) to base 3.
-220212
Convert 27723 (base 10) to base 8.
66113
What is -8093 (base 10) in base 14?
-2d41
What is 1616 (base 11) in base 3?
2211211
What is 3205 (base 9) in base 14?
c02
What is 358 (base 14) in base 12?
476
Convert -2242014 (base 5) to base 8.
-116503
-537 (base 10) to base 11
-449
Convert -112132 (base 5) to base 6.
-30414
What is -22552 (base 7) in base 9?
-7821
221101022 (base 3) to base 9
27338
Convert -3313 (base 4) to base 16.
-f7
Convert 1eee (base 15) to base 2.
1101001011101
What is 9499 (base 12) in base 14?
5cc5
What is 1012 (base 8) in base 3?
201100
What is 2850 (base 15) in base 12?
4ba9
What is -2d1 (base 15) in base 12?
-45a
What is -11212 (base 5) in base 14?
-419
-5021 (base 10) to base 8
-11635
What is 11000 (base 2) in base 6?
40
Convert -50469 (base 10) to base 9.
-76206
What is -4009 (base 15) in base 3?
-200112100
What is 100121202 (base 3) in base 14?
27ad
Convert -22d (base 14) to base 2.
-110110001
Convert -67140 (base 10) to base 6.
-1234500
76 (base 13) to base 4
1201
Convert 2301 (base 5) to base 16.
146
What is 6271 (base 12) in base 7?
43213
Convert -10103 (base 9) to base 10.
-6645
Convert 10101000010 (base 2) to base 9.
1755
What is -14533 (base 6) in base 5?
-33421
65244 (base 7) to base 8
37573
Convert -cb5 (base 15) to base 8.
-5466
What is 20121000 (base 3) in base 14?
1a74
Convert 3504 (base 8) to base 5.
24420
What is 5bd (base 15) in base 4?
110113
What is -1715 (base 10) in base 8?
-3263
What is -23 (base 15) in base 11?
-30
What is -1072 (base 10) in base 3?
-1110201
What is -125b (base 14) in base 8?
-6221
What is 111011101011 (base 2) in base 14?
156b
What is -4671 (base 10) in ba